
True
Is 115057 prime?
True
Is 90203 composite?
False
Is 43457 a composite number?
False
Is 57691 a prime number?
False
Is 16729 a composite number?
False
Is 10841 a composite number?
True
Is 143743 a prime number?
True
Is 1009 prime?
True
Is 2918 a composite number?
True
Is 91651 composite?
True
Is 322987 prime?
False
Is 62581 a composite number?
False
Is 203 composite?
True
Is 742831 a composite number?
True
Is 30631 prime?
True
Is 51787 a prime number?
True
Is 10481 a prime number?
False
Is 57007 a prime number?
False
Is 288647 a prime number?
True
Is 153298 composite?
True
Is 1358123 a composite number?
True
Is 138707 composite?
True
Is 39659 a prime number?
True
Is 13291 prime?
True
Is 728809 a prime number?
True
Is 415489 prime?
True
Is 626711 composite?
False
Is 43159 composite?
False
Is 147179 a composite number?
False
Is 4385 a prime number?
False
Is 27397 composite?
False
Is 723851 prime?
True
Is 19739 prime?
True
Is 238531 a composite number?
False
Is 50707 a prime number?
True
Is 800321 composite?
True
Is 42979 a composite number?
False
Is 6803 composite?
False
Is 3387655 prime?
False
Is 6991 a prime number?
True
Is 1437 prime?
False
Is 278591 composite?
False
Is 7377 a composite number?
True
Is 32537 a prime number?
True
Is 692893 a prime number?
True
Is 2026139 a prime number?
False
Is 720767 composite?
False
Is 611735 composite?
True
Is 16729 a prime number?
True
Is 14633 a composite number?
False
Is 586871 a prime number?
True
Is 140947 a composite number?
True
Is 194 a prime number?
False
Is 417631 composite?
False
Is 692129 prime?
False
Is 76031 a prime number?
True
Is 8579 a composite number?
True
Is 1391 composite?
True
Is 881311 composite?
False
Is 114133 a prime number?
False
Is 760457 composite?
False
Is 536891 prime?
True
Is 5849 prime?
True
Is 379 a composite number?
False
Is 29983 composite?
False
Is 78899 composite?
True
Is 58481 composite?
False
Is 20821 prime?
False
Is 5207 composite?
True
Is 179801 prime?
True
Is 89047 a composite number?
True
Is 14761 a composite number?
True
Is 319 a composite number?
True
Is 1089051 a composite number?
True
Is 628163 a composite number?
True
Is 26833 composite?
False
Is 3181 a composite number?
False
Is 711223 prime?
True
Is 593599 prime?
False
Is 52667 a composite number?
False
Is 4243739 a composite number?
True
Is 190677 composite?
True
Is 16979 prime?
True
Is 237719 a composite number?
True
Is 628583 composite?
False
Is 9953 a prime number?
False
Is 47801 composite?
True
Is 13499 a prime number?
True
Is 448451 a prime number?
True
Is 7033 prime?
False
Is 25219 prime?
True
Is 167801 a prime number?
True
Is 11677 prime?
True
Is 1379 a composite number?
True
Is 66733 prime?
True
Is 47941 composite?
True
Is 7403 a composite number?
True
Is 6711343 a prime number?
True
Is 331 prime?
True
Is 5855 a composite number?
True
Is 1483231 a prime number?
True
Is 24437 composite?
True
Is 2183 a prime number?
False
Is 16979 composite?
False
Is 1458049 prime?
True
Is 143101 a composite number?
True
Is 191161 composite?
False
Is 810419 prime?
True
Is 253 a composite number?
True
Is 118865 a composite number?
True
Is 2118791 composite?
False
Is 319967 prime?
True
Is 851 composite?
True
Is 88891 a prime number?
False
Is 4189 a composite number?
True
Is 293003 prime?
False
Is 85471 a composite number?
True
Is 4443463 a prime number?
True
Is 202403 composite?
False
Is 8391 a prime number?
False
Is 314543 composite?
False
Is 195023 composite?
False
Is 34667 prime?
True
Is 1907 a prime number?
True
Is 135151 a composite number?
False
Is 25151 a prime number?
False
Is 32687 a composite number?
False
Is 14221 prime?
True
Is 2929 prime?
False
Is 21929 composite?
False
Is 20743 composite?
False
Is 6353 a prime number?
True
Is 44839 composite?
False
Is 779435 a prime number?
False
Is 94517 a prime number?
False
Is 52949 prime?
False
Is 9517 a composite number?
True
Is 3963 a prime number?
False
Is 45755 a prime number?
False
Is 3907 a prime number?
True
Is 153658 a composite number?
True
Is 204069 composite?
True
Is 365611 a composite number?
False
Is 1006817 composite?
True
Is 22547 prime?
False
Is 903961 prime?
False
Is 869035 prime?
False
Is 2359 prime?
False
Is 2927 a composite number?
False
Is 444271 a prime number?
True
Is 24699 a composite number?
True
Is 10061 a prime number?
True
Is 14023 a prime number?
False
Is 544861 prime?
True
Is 20467 prime?
False
Is 4435 a composite number?
True
Is 197479 a prime number?
True
Is 44819 a composite number?
False
Is 1891 a prime number?
False
Is 5431 composite?
False
Is 3227 a composite number?
True
Is 22031 composite?
False
Is 50487 a composite number?
True
Is 35183 composite?
True
Is 3571 a prime number?
True
Is 30029 a composite number?
False
Is 2149 a prime number?
False
Is 215 a prime number?
False
Is 93343 prime?
False
Is 423053 a prime number?
True
Is 22961 prime?
True
Is 215359 a prime number?
True
Is 799541 a composite number?
True
Is 1821 a composite number?
True
Is 1261 a composite number?
True
Is 991 prime?
True
Is 1025197 a composite number?
False
Is 5663 composite?
True
Is 219871 prime?
True
Is 11167 composite?
True
Is 3291 composite?
True
Is 8899 composite?
True
Is 103319 composite?
False
Is 56657 prime?
False
Is 191 composite?
False
Is 292835 a composite number?
True
Is 1254269 composite?
False
Is 28937 composite?
True
Is 434615 a composite number?
True
Is 690607 a composite number?
False
Is 90959 a prime number?
False
Is 305 prime?
False
Is 315811 a composite number?
False
Is 4306 a composite number?
True
Is 952118 a composite number?
True
Is 665609 composite?
True
Is 1139 a prime number?
False
Is 115057 prime?
True
Is 14941 a prime number?
False
Is 126103 a prime number?
False
Is 237347 prime?
False
Is 24595 a prime number?
False
Is 90227 composite?
False
Is 25697 composite?
True
Is 6797 a prime number?
False
Is 61121 a prime number?
True
Is 1650031 composite?
False
Is 1061 prime?
True
Is 86161 prime?
True
Is 270433 composite?
True
Is 7477 a composite number?
False
Is 219577 a composite number?
False
Is 13033 a prime number?
True
Is 2077 a prime number?
False
Is 250847 a composite number?
True
Is 1865755 composite?
True
Is 37959 a prime number?
False
Is 37799 prime?
True
Is 7369 a composite number?
False
Is 70373 composite?
False
Is 384469 a composite number?
False
Is 2177291 prime?
False
Is 42077 prime?
False
Is 69209 composite?
True
Is 5027 a prime number?
False
Is 820733 prime?
True
Is 346498 composite?
True
Is 1781 a composite number?
True
Is 88733 a prime number?
False
Is 1524619 composite?
True
Is 13537 a prime number?
True
Is 9311 a composite number?
False
Is 132683 a composite number?
True
Is 1291 composite?
False
Is 732601 prime?
True
Is 32869 composite?
False
Is 1203419 prime?
False
Is 3491 composite?
False
Is 1657 a prime number?
True
Is 29407 a composite number?
True
Is 2952155 a prime number?
False
Is 418831 a composite number?
True
Is 37462 composite?
True
Is 5557 prime?
True
Is 433799 composite?
True
Is 111157 a composite number?
True
Is 103669 composite?
False
Is 280063 a prime number?
False
Is 419477 a composite number?
False
Is 127691 a prime number?
True
Is 34199 a prime number?
False
Is 23277 a composite number?
True
Is 242399 prime?
True
Is 485239 prime?
False
Is 9363 prime?
False
Is 259 prime?
False
Is 5257 a prime number?
False
Is 126611 a prime number?
True
Is 10454 a prime number?
False
Is 12151 a prime number?
False
Is 118963 a prime number?
False
Is 3785 prime?
False
Is 1754 a composite number?
True
Is 22874 a composite number?
True
Is 45233 prime?
True
Is 15581 a composite number?
False
Is 25727 a composite number?
True
Is 103765 a composite number?
True
Is 180721 a composite number?
True
Is 16843 a composite number?
False
Is 403885 composite?
True
Is 23531 a composite number?
False
Is 254141 prime?
True
Is 232567 a composite number?
False
Is 2051 a prime number?
False
Is 9813 a prime number?
False
Is 442741 composite?
True
Is 325103 a prime number?
False
Is 397951 a composite number?
False
Is 90899 composite?
True
Is 16837 a prime number?
False
Is 348895 composite?
True
Is 242861 a prime number?
False
Is 592987 a prime number?
True
Is 1154017 composite?
False
Is 671 a composite number?
True
Is 60519 comp